what is -36a200 + -10?
-36a210
In base 16, what is 10b93 + 790?
11323
In base 11, what is -2922628 - 17?
-2922644
In base 2, what is 11011000011001 + -101101100?
11010010101101
In base 6, what is 33105314 - -2135?
33111453
In base 11, what is -4 + -22818344?
-22818348
In base 10, what is -3855591 + 4?
-3855587
In base 11, what is -117285 - 42?
-117317
In base 2, what is 11111 + -1010011111110111000?
-1010011111110011001
In base 14, what is -30807 + 21?
-307c6
In base 11, what is 3 - -7a3226?
7a3229
In base 10, what is -4 - -1777327?
1777323
In base 3, what is -11211020 + 201100100?
112112010
In base 15, what is 51c - ddd1?
-d8b4
In base 7, what is -15044536 + 213?
-15044323
In base 9, what is -10 - 322750782?
-322750802
In base 9, what is 1 - 10782087?
-10782086
In base 5, what is -4201140210424 + 4?
-4201140210420
In base 5, what is -3223012 - -1343?
-3221114
In base 16, what is -5 - f1892?
-f1897
In base 5, what is 101 + 3202214421?
3202220022
In base 15, what is 2604e3 + -1?
2604e2
In base 2, what is -101100 - 100010100001001010?
-100010100001110110
In base 2, what is -1110101111000010011010 + 1?
-1110101111000010011001
In base 13, what is 533 - 22890a?
-2283a7
In base 8, what is -24712605 + -1?
-24712606
In base 10, what is 7996 + 86?
8082
In base 11, what is 17 - -3a4921?
3a4938
In base 7, what is -5554425 + -42?
-5554500
In base 13, what is 46c78 + 205?
47180
In base 11, what is 53a819 - 76?
53a753
In base 8, what is -305633040 + -2?
-305633042
In base 9, what is 3115 - 11556?
-7441
In base 12, what is -202 + 25237?
25035
In base 8, what is 32123 - 1673?
30230
In base 7, what is 3111 - 11356?
-5245
In base 13, what is -4a0 + 20108?
1c938
In base 3, what is -201202210 + -21222?
-202001202
In base 11, what is 60 - -5294767?
5294817
In base 14, what is 7 + -144466?
-14445d
In base 12, what is 5 + 3792b43?
3792b48
In base 3, what is 2220211 + -211002210110?
-210222212122
In base 12, what is -5 - -427bb04?
427babb
In base 3, what is -10002 - -12000111021?
12000101012
In base 7, what is 15 + -20100535?
-20100520
In base 10, what is -124 + -18868?
-18992
In base 14, what is 43a52820 - 2?
43a5281c
In base 7, what is -1166541242 + 3?
-1166541236
In base 8, what is 127 - -11461260?
11461407
In base 14, what is 8 - 11290?
-11286
In base 8, what is 31 - -55412211?
55412242
In base 5, what is 4 - 314224010?
-314224001
In base 13, what is 545278 - -5?
545280
In base 6, what is -3045 + 40544041?
40540552
In base 7, what is 4 - 63421115?
-63421111
In base 12, what is -46504 + 6?
-464ba
In base 3, what is 10020000220 + -1221100?
10011002120
In base 6, what is -42400 - 132344?
-215144
In base 2, what is -11001000111010011 - 111110001?
-11001001111000100
In base 3, what is 22100220 + -1112011220?
-1012211000
In base 11, what is 11 - -2260404?
2260415
In base 8, what is 1644 - -41232?
43076
In base 14, what is -3d39 - 382?
-42bb
In base 7, what is -50530441 - -1?
-50530440
In base 11, what is -87124 - 148?
-87271
In base 15, what is 26bbca - 20?
26bbaa
In base 8, what is 1 - -200304261?
200304262
In base 13, what is -5c10 + 158?
-5a85
In base 16, what is -9f - -eef6?
ee57
In base 2, what is -101010111100100 + -10011111010?
-101101011011110
In base 9, what is -704382281 + 2?
-704382278
In base 15, what is 56c0bed - -6?
56c0c04
In base 12, what is 0 + 12508?
12508
In base 7, what is 12 - -1122360?
1122402
In base 2, what is 1111000000 + 11000110101010110?
11001000100010110
In base 10, what is -2280 + 13047?
10767
In base 2, what is 1000111001110111101100 - -10?
1000111001110111101110
In base 6, what is -24 - 23410333?
-23410401
In base 2, what is 10011111001 + -1100111001101?
-1010011010100
In base 13, what is 7b41018 + 2?
7b4101a
In base 5, what is -2342412212 + 10?
-2342412202
In base 12, what is -43 + -59b0a03?
-59b0a46
In base 2, what is 0 - -101010100000001010111110100?
101010100000001010111110100
In base 3, what is 211102020121112022 - 11?
211102020121112011
In base 7, what is 1452141 + -2662?
1446146
In base 4, what is 1323133 + -222332?
1100201
In base 15, what is 250b01 + -a?
250ae6
In base 6, what is 15505101 + 11?
15505112
In base 12, what is -1010 - -713a?
612a
In base 16, what is -3ba - -4135?
3d7b
In base 2, what is 110001010100001101010101 - -1011100?
110001010100001110110001
In base 13, what is 2418a5 + 68?
241940
In base 6, what is 20 - 304442312?
-304442252
In base 7, what is -1 - -1115435005?
1115435004
In base 16, what is -b997 - 256f?
-df06
In base 14, what is -65d + -a6a20?
-a727d
In base 15, what is 3c + 4e706?
4e743
In base 7, what is 150510 - 10145?
140332
In base 7, what is -43 - -104266033?
104265660
In base 7, what is -1600630361 - 0?
-1600630361
In base 10, what is -1401 + -19784?
-21185
In base 2, what is -100000000000011111111100 + 11?
-100000000000011111111001
In base 7, what is 6522360 + 2?
6522362
In base 9, what is -4 - 1217624?
-1217628
In base 16, what is 2 - 6a475?
-6a473
In base 5, what is -42443122 - 20432?
-43014104
In base 4, what is -122230 + -1221322213?
-1222111103
In base 15, what is 304dce + -5?
304dc9
In base 3, what is 101102222 + 22111022?
200221021
In base 2, what is -101 + -1001011110111100001110100?
-1001011110111100001111001
In base 3, what is 122002 + 112020212112?
112021111121
In base 7, what is -115 - -2100203?
2100055
In base 5, what is -1332241103 + -2?
-1332241110
In base 12, what is -14a13 + -705?
-15518
In base 2, what is 100110010011111110 + -1001111010?
100110001010000100
In base 16, what is -2cdb + -5c2?
-329d
In base 3, what is 222 - 211011102220?
-211011101221
In base 13, what is 9 - 120ac10?
-120ac04
In base 9, what is 1348430 - -3?
1348433
In base 12, what is 4 + 10004b12?
10004b16
In base 16, what is -3 - -aff53?
aff50
In base 5, what is -2242 + -21321031?
-21323323
In base 16, what is -2a - -4dd83?
4dd59
In base 12, what is -10a5 + 1a5797?
1a46b2
In base 9, what is -18658 + -3242?
-23011
In base 13, what is 3151 - 21102?
-1ac81
In base 5, what is 122 - 4201423001?
-4201422324
In base 14, what is 947 + 6db?
1244
In base 5, what is -1404 + -444324?
-1001233
In base 4, what is -211020311 + 103023?
-210311222
In base 6, what is 200335 + -43152?
113143
In base 11, what is -18 + 265667?
26564a
In base 16, what is -4 + -30f507?
-30f50b
In base 16, what is -32b6f + -17?
-32b86
In base 4, what is -110231 - -210331200?
210220303
In base 4, what is 3332111020 + -23?
3332110331
In base 13, what is 247 - -1c523?
1c76a
In base 7, what is 200310 + -1541?
165436
In base 12, what is 0 + -5553034b?
-5553034b
In base 12, what is 62bb9 - 4?
62bb5
In base 16, what is 11fc + 2d46?
3f42
In base 8, what is 5 + -17136077?
-17136072
In base 12, what is 42a4590 - 5?
42a4587
In base 6, what is 30 + -2530341?
-2530311
In base 7, what is 6556653 - 243?
6556410
In base 8, what is 662377 + -142?
662235
In base 10, what is -7392593 + 0?
-7392593
In base 11, what is 734298a + -17?
7342973
In base 10, what is -296710 + 24?
-296686
In base 16, what is 0 + 21000b?
21000b
In base 12, what is -23 - 414b627?
-414b64a
In base 16, what is da + -4b0bb?
-4afe1
In base 5, what is -1430420 + 321?
-1430044
In base 11, what is 2 - -88546865?
88546867
In base 12, what is -20499 - 4b4?
-20991
In base 13, what is 139 - -277c0?
27929
In base 9, what is 2553 + 273211?
275764
In base 7, what is 344413 - -215?
344631
In base 15, what is 103 + 16e552?
16e655
In base 4, what is -120233 + -3331222?
-10112121
In base 9, what is -147615 + -11?
-147626
In base 11, what is 2790 + -5768?
-2a88
In base 13, what is -2b - 195b9?
-19617
In base 13, what is a9 + 28053?
2812c
In base 12, what is a9b906 - 24?
a9b8a2
In base 14, what is -3277320 - -1?
-327731d
In base 13, what is -320049 - 26?
-320072
In base 4, what is -2123 + 10232103?
10223320
In base 13, what is 55 - -452a?
4582
In base 7, what is -415450451 - 4?
-415450455
In base 3, what is 2 - 101111202201021?
-101111202201012
In base 13, what is -1217a8c - -130?
-121795c
In base 11, what is -49 + -11998?
-11a36
In base 13, what is 31787 - 35?
31752
In base 8, what is 11502744 - -316?
11503262
In base 4, what is 101 - 1013211231?
-1013211130
In base 7, what is -4 - 6401002112?
-6401002116
In base 2, what is -101100101010 - -1101000001?
-11111101001
In base 11, what is -1a70211 - 9?
-1a7021a
In bas